{"id":6,"date":"2017-10-09T13:50:25","date_gmt":"2017-10-09T12:50:25","guid":{"rendered":"https:\/\/obwirecords.wordpress.com\/?page_id=3"},"modified":"2020-06-23T16:21:02","modified_gmt":"2020-06-23T14:21:02","slug":"a-propos","status":"publish","type":"page","link":"https:\/\/obwirecords.com\/index.php\/a-propos\/","title":{"rendered":"ABOUT US"},"content":{"rendered":"<h4 style=\"text-align: center;\"><span style=\"color: #ffffff;\">OBWI RECORDS est un cabinet de consultant expert en audiovisuel se sp\u00e9cialisant dans la musique actuelle sous toutes ses formes.<\/span><\/h4>\n<h4 style=\"text-align: center;\"><span style=\"color: #ffffff;\">Allant de la composition\/production jusqu&#8217;\u00e0 la vid\u00e9o\/mastering\/distribution, nous avons \u00e0 c\u0153ur d&#8217;\u00eatre professionnels et disponibles.<\/span><\/h4>\n","protected":false},"excerpt":{"rendered":"<p>\u00c0 propos d&#8217;OBWI RECORDS \/ About OBWI RECORDS<\/p>\n","protected":false},"author":2,"featured_media":414,"parent":0,"menu_order":1,"comment_status":"closed","ping_status":"closed","template":"","meta":{"spay_email":"","footnotes":""},"class_list":["post-6","page","type-page","status-publish","has-post-thumbnail","hentry"],"aioseo_notices":[],"_links":{"self":[{"href":"https:\/\/obwirecords.com\/index.php\/wp-json\/wp\/v2\/pages\/6","targetHints":{"allow":["GET"]}}],"collection":[{"href":"https:\/\/obwirecords.com\/index.php\/wp-json\/wp\/v2\/pages"}],"about":[{"href":"https:\/\/obwirecords.com\/index.php\/wp-json\/wp\/v2\/types\/page"}],"author":[{"embeddable":true,"href":"https:\/\/obwirecords.com\/index.php\/wp-json\/wp\/v2\/users\/2"}],"replies":[{"embeddable":true,"href":"https:\/\/obwirecords.com\/index.php\/wp-json\/wp\/v2\/comments?post=6"}],"version-history":[{"count":6,"href":"https:\/\/obwirecords.com\/index.php\/wp-json\/wp\/v2\/pages\/6\/revisions"}],"predecessor-version":[{"id":455,"href":"https:\/\/obwirecords.com\/index.php\/wp-json\/wp\/v2\/pages\/6\/revisions\/455"}],"wp:featuredmedia":[{"embeddable":true,"href":"https:\/\/obwirecords.com\/index.php\/wp-json\/wp\/v2\/media\/414"}],"wp:attachment":[{"href":"https:\/\/obwirecords.com\/index.php\/wp-json\/wp\/v2\/media?parent=6"}],"curies":[{"name":"wp","href":"https:\/\/api.w.org\/{rel}","templated":true}]}}